te the greatest common factor of 18 and y.
6
Suppose -101*o - 2772 = -167*o. Let t(h) = 4*h**2 - 4*h. Let z be t(-6). What is the highest common divisor of z and o?
42
Let a(z) = -z**3 + 5*z**2 - z - 3. Let n be a(3). Let h = 6 + n. Let f = 188 - 186. Calculate the highest common factor of f and h.
2
Suppose x + 4*m = 36, 0*x + 3*x - 4*m = 28. Let v be (4/(-6))/(4/(-18)). Suppose -37 = v*h - 565. What is the highest common divisor of h and x?
16
Let r(c) be the second derivative of -c**5/20 - c**4/6 - 2*c**3/3 + 7*c**2/2 + 12*c. Let a be r(-4). Calculate the greatest common divisor of a and 10.
5
Let s be 6/(3 - (-5)/2 - 4). Suppose 0 = -3*q, 1 = d + s*q - 7. Suppose -5*o = -13 + 3. What is the highest common factor of o and d?
2
Let z = -651 + 699. What is the greatest common factor of z and 408?
24
Let i be (132 - 6) + (-2)/(-5)*10. Calculate the greatest common factor of i and 26.
26
Let h(w) = -w**3 - w - 6. Let d(a) = 5*a**3 - a**2 + 3*a + 24. Let r(j) = -4*d(j) - 18*h(j). Let i be r(-4). What is the greatest common divisor of 36 and i?
36
Suppose -4*x - 7*b + 384 = -11*b, 4*b + 111 = x. Calculate the greatest common divisor of x and 221.
13
Suppose 2*k - 3729 + 1199 = 0. Calculate the greatest common factor of k and 55.
55
Let s = -2 - -4. Suppose 7*j = s*j + 180. Let i(q) = 2*q**2 + 15*q + 1. Let r be i(-8). Calculate the highest common factor of r and j.
9
Let j = 734 - 44. Calculate the highest common divisor of 30 and j.
30
Suppose 0 = 5*a + m + 2*m - 53, -57 = -5*a - 2*m. What is the highest common factor of 208 and a?
13
Suppose 0 = 28*u - 4*u - 10272. Calculate the greatest common factor of u and 4.
4
Suppose 0 = v + 5*w - 54, 4*w - 158 = -3*v + 37. Calculate the greatest common factor of v and 1725.
69
Let a be -2 - ((-2 - 3/3) + 0). Let y(f) = 7*f**3 - f**2 + 3*f - 2. Let q be y(a). Calculate the greatest common factor of q and 7.
7
Suppose -3*z = 4*w - 20, 2*z + 3*w + 4 = 17. Suppose -z*b = -9*b + 16. Calculate the highest common divisor of 8 and b.
8
Let t = 53 + 7. Let j be 4/(-8) + (-50)/(-4). Calculate the highest common factor of t and j.
12
Let k(h) = 7*h - 3. Let g be k(4). Let z be (-340)/238 + (-45)/(-7). What is the greatest common divisor of g and z?
5
Suppose z = -z + 62. Suppose 31*o - 24 = 19*o. Suppose 4*s - 2*d - 22 = 0, -6*s = -o*s + d - z. Calculate the highest common factor of s and 35.
7
Suppose 2*u - 22 = -j, 2*j - 5*u = 3*j - 37. Suppose -64 = -4*b + 2*n, -5*n - 58 - 22 = -5*b. What is the highest common divisor of b and j?
4
Let y be (1/1)/1 + 4. Suppose -5*w = -25 + y. Let z(s) = -s**3 + 6*s**2 - 3*s + 2. Let i be z(w). Calculate the greatest common factor of 22 and i.
22
Let p(a) = -a**3 - 13*a**2 - 2*a - 22. Let w be p(-13). Let t be (-25 - w - -1)*30/(-8). Calculate the greatest common divisor of t and 42.
21
Suppose 0 = -10*x - 1 + 51. Suppose -17 + x = -4*w. Calculate the highest common factor of w and 12.
3
Let s = 0 - -18. Suppose -56 + 74 = 9*d. What is the greatest common divisor of d and s?
2
Let l be ((-7)/(-21) - (-1308)/(-9))*-1. Let g = l - 61. Calculate the greatest common divisor of 24 and g.
12
Suppose 20 = 5*t + 2*i, -12 = -2*t + 4*i - 4. Suppose t*z - 134 + 110 = 0. What is the highest common factor of 1 and z?
1
Let t(v) = 3*v**2 + 3*v - 1. Let i be t(1). Let p(n) = -9 - 3*n - 10 + 4. Let m be p(-10). Calculate the greatest common factor of m and i.
5
Suppose 2700 = 14*r - 5*r. Let v = 9 + -5. Suppose 0 = -v*g - g + r. Calculate the highest common divisor of g and 12.
12
Let o = 1531 + -881. Calculate the highest common divisor of o and 52.
26
Let p = -513 + 555. Calculate the greatest common divisor of p and 21.
21
Let w(h) = 2 - 2*h**2 - h**2 + h**3 - 7. Let o be w(4). Suppose -a = -8 - 36. Calculate the highest common factor of o and a.
11
Suppose -g - 3*g + 292 = 0. Suppose -175 = -4*p + g. Let k be -1 + p - (0 + -2). What is the highest common divisor of k and 9?
9
Suppose 2*v - 2*i - i - 444 = 0, -4*v + 2*i + 872 = 0. What is the greatest common factor of v and 16?
8
Let p be (-1 - (-6)/3)*14. Let c(l) = 11*l + 5. Let i be c(4). What is the greatest common divisor of i and p?
7
Let g = 93 + -37. What is the highest common divisor of g and 28?
28
Suppose -893 = -4*c - 13. Let o be c/14 - 16/(-56). Calculate the greatest common factor of 16 and o.
16
Suppose -2*d - 30 = 8*d. Let w be d*(-42)/36*(-40)/(-14). Let h = 245 - 165. What is the highest common factor of h and w?
10
Let r(q) = q + 10. Let k be r(-6). Suppose 2 = -k*v + 14. Suppose 0 = 4*p - p + v*l - 69, -3*l = 3. What is the highest common factor of p and 12?
12
Let n be 678/16 + 48/(-128). What is the highest common factor of 56 and n?
14
Suppose 4*y + 2*t = 85 + 117, y - 55 = -2*t. What is the greatest common factor of y and 2989?
49
Suppose -18*d + 20*d - 2*j - 8 = 0, -4*d + 2*j = -18. Calculate the greatest common factor of d and 265.
5
Let g = 238 - 98. Suppose -5*f = 2*h + 208, h - 4*f + 289 = -2*h. Let r = -71 - h. What is the highest common factor of g and r?
28
Suppose -4*o = -2*m - 108, o + 5*m = 3*o - 38. Let t = o - -1. Calculate the greatest common factor of t and 20.
10
Let h be (-3)/6 + 114/4. Let s(b) = -b**3 + 9*b**2 + 7*b + 21. Let f be s(9). What is the greatest common factor of h and f?
28
Let m(a) = -a - 4. Let u be m(-6). Suppose 0 = u*b - 143 + 31. What is the highest common factor of 7 and b?
7
Let x(q) = -4 + 31*q + 7*q + 6. Let v be x(1). Let g be 3*(0 - (-20)/6). What is the highest common factor of v and g?
10
Let y(n) = 3*n**2 + 15*n - 10. Let i be y(5). Calculate the highest common divisor of 80 and i.
20
Let y = 55 - 19. What is the greatest common divisor of 144 and y?
36
Let a(o) = -o**2 + 54*o - 296. Let p be a(46). Calculate the greatest common divisor of p and 96.
24
Let c = 298 + 21. Calculate the greatest common divisor of c and 29.
29
Suppose -56 - 32 = -22*x. What is the highest common factor of 116 and x?
4
Let g = 134 - 40. Let y(n) = n**2 + 10*n - 6. Let z be y(-11). Let r = z + g. Calculate the greatest common divisor of 9 and r.
9
Suppose 0 = -5*p - 0*p - 5*z - 10, 3*z = 3*p. Let i be (0 - -7) + (p - 0). Calculate the greatest common divisor of 15 and i.
3
Suppose -36 = -31*z - 5 + 31. Suppose 5 = 3*w - 5*v - 22, 2*w = -3*v + 37. Calculate the highest common divisor of z and w.
2
Let b(i) = -i**3 + 11*i**2 + i - 6. Let f be -2 + 1 - (-2 + -4). Let h be b(f). Let t = h + -59. What is the greatest common factor of t and 9?
9
Suppose 5*o = -3*r - 7, 3*o + 3 = -4*r + 1. Let u be ((-5 - -1) + 14)*2/4. Suppose -r - u = -2*x. What is the highest common divisor of 9 and x?
3
Let y(a) = 2*a**2 + 12*a + 2. Let g be y(9). What is the greatest common factor of g and 306?
34
Suppose q = -3*w + 6, 2*q - 3*w + 0*w = -33. Let v = 15 + q. Let o = -40 + 46. Calculate the highest common divisor of o and v.
6
Suppose 4*a = 2*i - 34, -3*i - a = -29 - 29. Let n = i - -9. Calculate the greatest common factor of 42 and n.
14
Let t be 3/2*8/6. Suppose 3*m + b = 117, -4*m + 2*b + 122 + 24 = 0. Let c = -33 + m. What is the greatest common divisor of c and t?
1
Let f = -36 + 55. Let m be (-1 - -1) + (3 - 3). Suppose m = -l - 23 + 232. Calculate the greatest common divisor of l and f.
19
Let q = 165 - 164. Suppose f = 4*p - q + 19, f = -3*p + 25. Calculate the greatest common divisor of 121 and f.
11
Suppose 21*w = 1887 - 81. What is the greatest common factor of 2 and w?
2
Let y(a) be the second derivative of 10*a**3 - 18*a. Let m be y(1). Calculate the greatest common factor of m and 150.
30
Let f be 3 + (7 - 1755/(-5)). Calculate the greatest common factor of 19 and f.
19
Suppose 23*n = n + 440. What is the highest common divisor of 100 and n?
20
Suppose -2*f + 3*n = -3, 0*n = 3*n + 3. Suppose f*b = 3*b - 60. Suppose 5*w - 39 = -5*l + 21, -w = -5*l + 36. What is the highest common divisor of b and l?
4
Suppose -15*m - 1610 = -20*m. Suppose -2*z - i + m = 4*i, 3*z + 3*i - 501 = 0. What is the highest common divisor of 19 and z?
19
Let q be 3 + -60*(-4 + 0). Suppose 27 = u + 2*i - 10, 4*u = 3*i + 93. What is the highest common divisor of q and u?
27
Let c(i) = -9*i**3 - i**2 + 2*i + 2. Let d be c(-1). Let v = -30 - -42. Calculate the greatest common factor of v and d.
4
Let b be 1*-4 - ((-16 - -5) + 